{"id":2047,"date":"2020-10-07T12:12:38","date_gmt":"2020-10-07T10:12:38","guid":{"rendered":"https:\/\/ensemblespirituoso.fr\/?page_id=2047"},"modified":"2021-08-30T17:36:05","modified_gmt":"2021-08-30T15:36:05","slug":"08-et-09-05-21-les-fables-de-la-fontaine","status":"publish","type":"page","link":"https:\/\/ensemblespirituoso.fr\/?page_id=2047","title":{"rendered":"08 et 09\/05\/21 : Les Fables de La Fontaine"},"content":{"rendered":"\n<p>Conte musical de Y. Vodenitcharov &#8211; <\/p>\n\n\n\n<p>Le spectacle aura lieu \u00e0 la <a rel=\"noreferrer noopener\" href=\"https:\/\/goo.gl\/maps\/bothvUL9qkLBVUMA7\" target=\"_blank\">salle Maurice Sochon<\/a>, \u00e0 Argenteuil.<span class=\"has-inline-color has-vivid-red-color\"> \/!\\ Suite \u00e0 la crise sanitaire, le spectacle a \u00e9t\u00e9 annul\u00e9 en mai 2021, et repouss\u00e9 \u00e0 la saison 21-22. En cours de production, informations \u00e0 venir prochainement. \/!\\<\/span><\/p>\n","protected":false},"excerpt":{"rendered":"<p>Conte musical de Y. Vodenitcharov &#8211; Le spectacle aura lieu \u00e0 la salle Maurice Sochon, \u00e0 Argenteuil. \/!\\ Suite \u00e0 la crise sanitaire, le spectacle a \u00e9t\u00e9 annul\u00e9 en mai 2021, et repouss\u00e9 \u00e0 la saison 21-22. En cours de production, informations \u00e0 venir prochainement. \/!\\<\/p>\n","protected":false},"author":2,"featured_media":0,"parent":0,"menu_order":0,"comment_status":"closed","ping_status":"closed","template":"","meta":[],"_links":{"self":[{"href":"https:\/\/ensemblespirituoso.fr\/index.php?rest_route=\/wp\/v2\/pages\/2047"}],"collection":[{"href":"https:\/\/ensemblespirituoso.fr\/index.php?rest_route=\/wp\/v2\/pages"}],"about":[{"href":"https:\/\/ensemblespirituoso.fr\/index.php?rest_route=\/wp\/v2\/types\/page"}],"author":[{"embeddable":true,"href":"https:\/\/ensemblespirituoso.fr\/index.php?rest_route=\/wp\/v2\/users\/2"}],"replies":[{"embeddable":true,"href":"https:\/\/ensemblespirituoso.fr\/index.php?rest_route=%2Fwp%2Fv2%2Fcomments&post=2047"}],"version-history":[{"count":2,"href":"https:\/\/ensemblespirituoso.fr\/index.php?rest_route=\/wp\/v2\/pages\/2047\/revisions"}],"predecessor-version":[{"id":2081,"href":"https:\/\/ensemblespirituoso.fr\/index.php?rest_route=\/wp\/v2\/pages\/2047\/revisions\/2081"}],"wp:attachment":[{"href":"https:\/\/ensemblespirituoso.fr\/index.php?rest_route=%2Fwp%2Fv2%2Fmedia&parent=2047"}],"curies":[{"name":"wp","href":"https:\/\/api.w.org\/{rel}","templated":true}]}}