{"id":1678,"date":"2017-01-05T19:52:17","date_gmt":"2017-01-05T19:52:17","guid":{"rendered":"https:\/\/ensemblespirituoso.fr\/?page_id=1678"},"modified":"2023-07-14T11:07:26","modified_gmt":"2023-07-14T09:07:26","slug":"le-ensemble-spirituoso","status":"publish","type":"page","link":"https:\/\/ensemblespirituoso.fr\/","title":{"rendered":"L&rsquo;Ensemble"},"content":{"rendered":"<p>Le Duo Spirituoso, mandoline et clavecin, a publi\u00e9 en 2012 un premier enregistrement consacr\u00e9 \u00e0 des \u0153uvres rares d\u00e9pos\u00e9es \u00e0 la Biblioth\u00e8que Nationale de France, \u00ab\u00a0La Mandoline Baroque\u00a0\u00bb (PV 712061, chez Pierre Verany).<\/p>\n<p>Devenu l&rsquo;Ensemble Spirituoso, groupe plus ample et original, \u00a0comprenant mandoline, clavecin, viole d&rsquo;Orph\u00e9e ou violoncelle d&rsquo;amour, guitare baroque et castagnettes, il publie un\u00a0second enregistrement \u00a0\u00ab\u00a06 sonates pour mandoline \u2013 Livre I, 1767\u00a0\u00bb compos\u00e9es par Gabriele Leone, appel\u00e9 aussi \u00ab\u00a0Leone l&rsquo;Espagnol\u00a0\u00bb, (PV 715011, 2015) et poursuit ses recherches sur d&rsquo;autres compositeurs.<\/p>\n<p>Depuis 2018, l&rsquo;Ensemble Spirituoso fait partie des <a href=\"https:\/\/www.lespinceesmusicales.fr\/\">Pinc\u00e9es Musicales<\/a>, centre d\u00e9di\u00e9 \u00e0 la mandoline, aux instruments \u00e0 cordes pinc\u00e9es et aux orchestres \u00e0 plectre, en r\u00e9sidence \u00e0 Argenteuil.<\/p>\n","protected":false},"excerpt":{"rendered":"<p>Le Duo Spirituoso, mandoline et clavecin, a publi\u00e9 en 2012 un premier enregistrement consacr\u00e9 \u00e0 des \u0153uvres rares d\u00e9pos\u00e9es \u00e0 la Biblioth\u00e8que Nationale de France, \u00ab\u00a0La Mandoline Baroque\u00a0\u00bb (PV 712061, chez Pierre Verany). Devenu l&rsquo;Ensemble Spirituoso, groupe plus ample et original, \u00a0comprenant mandoline, clavecin, viole d&rsquo;Orph\u00e9e ou violoncelle d&rsquo;amour, guitare baroque et castagnettes, il publie &hellip; <\/p>\n","protected":false},"author":1,"featured_media":2015,"parent":0,"menu_order":0,"comment_status":"closed","ping_status":"closed","template":"","meta":[],"_links":{"self":[{"href":"https:\/\/ensemblespirituoso.fr\/index.php?rest_route=\/wp\/v2\/pages\/1678"}],"collection":[{"href":"https:\/\/ensemblespirituoso.fr\/index.php?rest_route=\/wp\/v2\/pages"}],"about":[{"href":"https:\/\/ensemblespirituoso.fr\/index.php?rest_route=\/wp\/v2\/types\/page"}],"author":[{"embeddable":true,"href":"https:\/\/ensemblespirituoso.fr\/index.php?rest_route=\/wp\/v2\/users\/1"}],"replies":[{"embeddable":true,"href":"https:\/\/ensemblespirituoso.fr\/index.php?rest_route=%2Fwp%2Fv2%2Fcomments&post=1678"}],"version-history":[{"count":2,"href":"https:\/\/ensemblespirituoso.fr\/index.php?rest_route=\/wp\/v2\/pages\/1678\/revisions"}],"predecessor-version":[{"id":2145,"href":"https:\/\/ensemblespirituoso.fr\/index.php?rest_route=\/wp\/v2\/pages\/1678\/revisions\/2145"}],"wp:featuredmedia":[{"embeddable":true,"href":"https:\/\/ensemblespirituoso.fr\/index.php?rest_route=\/wp\/v2\/media\/2015"}],"wp:attachment":[{"href":"https:\/\/ensemblespirituoso.fr\/index.php?rest_route=%2Fwp%2Fv2%2Fmedia&parent=1678"}],"curies":[{"name":"wp","href":"https:\/\/api.w.org\/{rel}","templated":true}]}}